base 10) to base 3.
-1100
10 (base 4) to base 7
4
Convert 10010 (base 2) to base 15.
13
Convert 2 (base 9) to base 7.
2
What is -220 (base 6) in base 4?
-1110
1211 (base 3) to base 6
121
Convert -57 (base 14) to base 12.
-65
Convert -1111 (base 2) to base 12.
-13
d5 (base 16) to base 14
113
-4 (base 6) to base 12
-4
-310 (base 5) to base 16
-50
1 (base 15) to base 8
1
Convert -6 (base 8) to base 16.
-6
-103 (base 15) to base 10
-228
What is 25 (base 16) in base 6?
101
What is 0 (base 6) in base 3?
0
-4 (base 9) to base 15
-4
What is -2 (base 15) in base 10?
-2
What is -100100 (base 2) in base 11?
-33
-11 (base 9) to base 10
-10
What is 5 (base 12) in base 2?
101
-1 (base 2) to base 12
-1
What is 0 (base 5) in base 12?
0
Convert 5 (base 15) to base 13.
5
-2 (base 5) to base 15
-2
What is -20 (base 4) in base 6?
-12
-1c (base 13) to base 4
-121
Convert -27 (base 16) to base 10.
-39
What is -6 (base 7) in base 16?
-6
Convert -3 (base 13) to base 10.
-3
Convert -4 (base 6) to base 16.
-4
Convert -203 (base 5) to base 10.
-53
Convert 1111001 (base 2) to base 8.
171
Convert 20112 (base 3) to base 6.
452
Convert 80 (base 14) to base 11.
a2
What is 1 (base 7) in base 13?
1
Convert 200 (base 6) to base 4.
1020
-4 (base 5) to base 13
-4
Convert -2d (base 15) to base 8.
-53
200 (base 3) to base 4
102
What is -a (base 15) in base 6?
-14
Convert 16 (base 7) to base 2.
1101
Convert -1 (base 6) to base 4.
-1
Convert 44 (base 16) to base 14.
4c
70 (base 12) to base 15
59
What is 1 (base 16) in base 3?
1
Convert -1210 (base 4) to base 3.
-10201
-1022 (base 3) to base 2
-100011
1 (base 11) to base 2
1
What is -3 (base 4) in base 16?
-3
Convert -141 (base 8) to base 7.
-166
4 (base 11) to base 12
4
-60 (base 9) to base 6
-130
What is 5 (base 11) in base 8?
5
Convert -2 (base 4) to base 13.
-2
What is 2 (base 11) in base 5?
2
What is 204 (base 6) in base 8?
114
What is -39 (base 16) in base 10?
-57
What is 11 (base 4) in base 10?
5
-13 (base 15) to base 6
-30
16 (base 9) to base 14
11
Convert 62 (base 16) to base 6.
242
What is bc (base 13) in base 5?
1110
40 (base 5) to base 4
110
What is 1 (base 10) in base 7?
1
What is 0 (base 13) in base 11?
0
-5 (base 7) to base 14
-5
What is -29 (base 10) in base 15?
-1e
Convert 26 (base 8) to base 7.
31
Convert -75 (base 11) to base 6.
-214
What is 25 (base 11) in base 2?
11011
Convert 7 (base 16) to base 12.
7
Convert -20 (base 6) to base 9.
-13
-2 (base 10) to base 8
-2
-10001010 (base 2) to base 5
-1023
-10 (base 3) to base 10
-3
0 (base 10) to base 2
0
What is 4 (base 13) in base 7?
4
What is -313 (base 7) in base 2?
-10011101
-92 (base 13) to base 10
-119
Convert 7 (base 9) to base 16.
7
Convert 2 (base 3) to base 7.
2
Convert 17 (base 11) to base 5.
33
What is 5 (base 14) in base 6?
5
What is -32 (base 14) in base 16?
-2c
Convert -22 (base 8) to base 15.
-13
What is -3 (base 10) in base 14?
-3
4 (base 6) to base 3
11
-7 (base 12) to base 16
-7
2 (base 6) to base 15
2
-33 (base 10) to base 11
-30
Convert 4 (base 8) to base 2.
100
What is -3 (base 8) in base 10?
-3
What is 100 (base 4) in base 7?
22
Convert -5 (base 14) to base 2.
-101
Convert 1d (base 16) to base 15.
1e
-121 (base 9) to base 16
-64
12 (base 9) to base 3
102
Convert -22 (base 3) to base 16.
-8
Convert 4a (base 11) to base 2.
110110
What is 4d (base 14) in base 4?
1011
What is 22 (base 10) in base 14?
18
0 (base 9) to base 5
0
Convert 59 (base 16) to base 12.
75
What is 10 (base 4) in base 16?
4
Convert -2 (base 9) to base 12.
-2
What is -11 (base 14) in base 4?
-33
Convert 22 (base 14) to base 8.
36
Convert -2 (base 14) to base 11.
-2
Convert -11120 (base 3) to base 4.
-1323
What is 2 (base 16) in base 11?
2
-112 (base 4) to base 11
-20
Convert 4 (base 8) to base 16.
4
Convert -10 (base 11) to base 4.
-23
Convert 100 (base 10) to base 7.
202
18 (base 14) to base 8
26
1a3 (base 15) to base 6
1430
Convert -1c (base 13) to base 16.
-19
Convert -253 (base 9) to base 15.
-e0
What is -2a (base 13) in base 7?
-51
-77 (base 9) to base 13
-55
Convert -3e (base 16) to base 12.
-52
What is -3 (base 5) in base 8?
-3
-61 (base 9) to base 6
-131
What is -152 (base 8) in base 9?
-127
2 (base 14) to base 13
2
Convert 30 (base 4) to base 13.
c
Convert 17 (base 8) to base 5.
30
Convert 154 (base 16) to base 14.
1a4
Convert -33 (base 4) to base 14.
-11
Convert 101 (base 2) to base 11.
5
Convert -3 (base 7) to base 15.
-3
3 (base 10) to base 7
3
0 (base 11) to base 16
0
15 (base 15) to base 4
110
-1 (base 7) to base 14
-1
What is 9 (base 13) in base 4?
21
What is 25 (base 11) in base 9?
30
What is -332 (base 7) in base 10?
-170
What is -50 (base 13) in base 11?
-5a
e (base 16) to base 9
15
What is -110 (base 3) in base 7?
-15
-540 (base 6) to base 13
-129
Convert 70 (base 9) to base 11.
58
11111011 (base 2) to base 9
308
Convert -121 (base 7) to base 2.
-1000000
Convert 1 (base 3) to base 15.
1
Convert 12 (base 9) to base 5.
21
-3d (base 15) to base 3
-2011
What is -1232 (base 5) in base 14?
-da
Convert -4 (base 5) to base 16.
-4
What is 1 (base 3) in base 2?
1
What is -2 (base 10) in base 9?
-2
Convert -153 (base 6) to base 11.
-63
Convert 66 (base 11) to base 14.
52
2210 (base 3) to base 11
69
Convert 4 (base 8) to base 13.
4
What is 5 (base 16) in base 5?
10
Convert -2e (base 16) to base 11.
-42
What is 96 (base 11) in base 7?
210
Convert 4 (base 6) to base 7.
4
32 (base 8) to base 10
26
-1 (base 8) to base 4
-1
Convert -2312 (base 5) to base 13.
-1c7
What is 3 (base 13) in base 15?
3
Convert -33 (base 11) to base 14.
-28
What is -10001111 (base 2) in base 11?
-120
9 (base 15) to base 7
12
-12 (base 6) to base 10
-8
Convert 2 (base 4) to base 15.
2
-38 (base 12) to base 13
-35
Convert -14 (base 8) to base 14.
-c
What is -29 (base 16) in base 4?
-221
-23 (base 4) to base 8
-13
Convert -6 (base 12) to base 15.
-6
1 (base 2) to base 14
1
What is 20 (base 4) in base 10?
8
Convert -10 (base 2) to base 7.
-2
What is -2023 (base 4) in base 11?
-117
Convert -6 (base 15) to base 8.
-6
-1 (base 12) to base 14
-1
Convert 6 (base 12) to base 7.
6
Convert 38 (base 15) to base 2.
110101
What is -67 (base 12) in base 16?
-4f
Convert -1a8 (base 11) to base 16.
-ef
Convert 5a (base 15) to base 2.
1010101
2 (base 7) to base 10
2
What is 133 (base 4) in base 7?
43
Convert -11010 (base 2) to base 11.
-24
Convert 122 (base 6) to base 2.
110010
Convert -8 (base 14) to base 16.
-8
What is 0 (base 14) in base 2?
0
What is 0 (base 8) in base 5?
0
31 (base 15) to base 12
3a
Convert -12 (base 5) to base 14.
-7
What is 59 (base 16) in base 4?
1121
Convert -22 (base 8) to base 11.
-17
What is -21 (base 10) in base 14?
-17
What is -201 (base 8) in base 10?
-129
Convert 15 (base 6) to base 7.
14
Convert 5 (base 8) to base 5.
10
What is 1b6 (base 14) in base 7?
1016
111 (base 3) to base 10
13
-5 (base 11) to base 5
-10
Convert -6 (base 12) to base 4.
-12
415 (base 7) to base 14
10c
What is 3 (base 4) in base 15?
3
66 (base 11) to base 2
1001000
Convert -14 (base 15) to base 3.
-201
What is 10 (base 11) in base 15?
b
2e (base 15) to base 5
134
-4 (base 7) to base 11
-4
What is -a (base 12) in base 14?
-a
Convert 10 (base 15) to base 4.
33
3 (base 13) to base 15
3
-3 (base 15) to base 13
-3
What is -35 (base 10) in base 13?
-29
Convert 1 (base 5) to base 8.
1
-14 (base 6) to base 12
-a
2 (base 10) to base 16
2
-3 (base 14) to base 5
-3
-222 (base 5) to base 10
-62
Convert -7 (base 10) to base 9.
-7
Convert -85 (base 16) to base 15.
-8d
304 (base 6) to base 12
94
Convert 3 (base 14) to base 11.
3
Convert -15 (base 8) to base 10.
-13
Convert -65 (base 11) to base 14.
-51
1001101 (base 2) to base 14
57
What is 1 (base 10) in base 3?
1
What is 202 (base 3) in base 9?
22
-14 (base 13) to base 3
-122
2 (base 11) to base 8
2
2 (base 13) to base 4
2
6 (base 8) to base 7
6
What is -131 (base 4) in base 13?
-23
1 (base 11) to base 16
1
Convert 1 (base 11) to base 5.
1
13 (base 7) to base 6
14
What is -3 (base 13) in base 14?
-3
-1000 (base 2) to base 3
-22
-3 (base 8) to base 9
-3
Convert -26 (base 9) to base 5.
-44
What is -2122 (base 3) in base 15?
-4b
-107 (base 10) to base 3
-10222
Convert 2b (base 12) to base 4.
203
What is -30 (base 16) in base 2?
-110000
What is 2 (base 8) in base 5?
2
What is -2 (ba